hen z is divided by 17?
13
Suppose -5*q + 13 + 150 = -3*j, 0 = 2*q - j - 65. Let m = 798 - 794. Suppose -m*x = q - 68. Calculate the remainder when 52 is divided by x.
7
Let a = 12 + -13. Calculate the remainder when 37 is divided by 9 - (1 - 1 - a).
5
Suppose 0 = d - 61 - 0. Let w(s) = -s - 1. Let t(n) = -11*n - 15. Let c(g) = t(g) - 6*w(g). Calculate the remainder when d is divided by c(-6).
19
Suppose -x - 2*h = 2*x + 16, 2*x + 5*h = -18. What is the remainder when 22 is divided by x + 13 + (-2)/2?
6
Suppose 9*l = 5*l - 2*w + 68, 4*w = 8. Calculate the remainder when l is divided by 12.
4
Let z(p) = -p**3 - 7*p**2 - 4*p - 3. Let c be z(-7). Let m = 31 + c. Let n(a) = -29*a. Calculate the remainder when m is divided by n(-1).
27
Let w = -14 - -6. Let h = -16 - w. Calculate the remainder when 35 is divided by (12/h - 3)*-2.
8
Let d = -137 - -153. Suppose d*r - 266 = 14*r. What is the remainder when r is divided by 45?
43
Let q = -2561 - -2735. What is the remainder when q is divided by 37?
26
Let c(g) = 2*g - 18. Let h be c(10). Let t(j) = -h*j**2 + j**2 + 4 + 0 - 13*j + 4*j**2. Calculate the remainder when 54 is divided by t(5).
12
Let n = -99 + 151. Calculate the remainder when n is divided by 14.
10
What is the remainder when 5 + (-176)/(-3 - -1) is divided by 48?
45
Let d = -25 + 40. Let r = -15 + d. Suppose 3*n - 137 - 10 = r. What is the remainder when n is divided by 26?
23
Let u(h) = -h**3 - 3*h**2 + 7*h - 6. Let p be u(-6). Suppose p = 4*a + 20. Calculate the remainder when 38 is divided by a.
8
Let o = 56 - -7. What is the remainder when 743 is divided by o?
50
Let f(q) = 11*q**2 - 4*q - 8. Let s be f(-3). Let r = 141 - s. What is the remainder when 113 is divided by r?
37
Let a = 577 - 566. What is the remainder when 35 is divided by a?
2
Suppose -4*v - 3 = -83. Suppose -4*o = -3*i + 221, -o - 320 = -4*i - 2*o. Calculate the remainder when i is divided by v.
19
Let h = 33 - 39. Calculate the remainder when (-1 + 106)*(-4)/h is divided by 20.
10
Let z(m) = m**3 - 5*m**2 - 8*m + 9. Let l be z(6). Suppose 3*p - q - 132 = 0, 4*q = -q. Calculate the remainder when (0 - l/12)*p is divided by 3.
2
Let q = -1529 - -1540. What is the remainder when 20 is divided by q?
9
Suppose 0 = 76*k - 47*k - 53766. What is the remainder when k is divided by 32?
30
Suppose -5*c = -5*w - 50, -4*c - w + 28 = -2*w. Suppose 3*s = -i + 93, -2*s = -c*i + i - 62. What is the remainder when 121 is divided by s?
28
Let m(r) = -20*r - 1. What is the remainder when m(-6) is divided by -5*(-3 + 3 - 3)?
14
Suppose -s - 1681 = -j, 16*j = 20*j - 5*s - 6724. What is the remainder when j is divided by 17?
15
What is the remainder when (-9*(-5)/30)/((-27)/(-11682)) is divided by 50?
49
Let s(i) = -21*i**3 + i**2 + 20*i + 19. What is the remainder when 80 is divided by s(-1)?
17
Suppose -4*a + 4 + 8 = 0. Let z = a + 1. Suppose -4*i = 5*k - 195, -z*i - 130 = -3*k - 9*i. What is the remainder when k is divided by 9?
8
Suppose -1585 = -115*y + 3015. Calculate the remainder when y is divided by 20.
0
Let m(b) = 5*b + 6. Let l(n) = 3*n + 3. Let t(d) = -5*l(d) + 2*m(d). What is the remainder when 31 is divided by t(-4)?
14
Let v = -1885 - -2139. Calculate the remainder when v is divided by 27.
11
Suppose -i - 65 = -2*o - 22, -o = i - 17. Suppose -6*z + o + 4 = 0. What is the remainder when 10 is divided by z?
2
Let s(b) = 108*b**3 - b**2 - 5*b + 5. Calculate the remainder when s(1) is divided by 36.
35
Let w = 1723 - 794. Calculate the remainder when w is divided by 10.
9
Suppose -3*n - 17 + 218 = 2*z, 3*n = 3*z - 279. Calculate the remainder when z is divided by 35.
26
Let f(a) be the third derivative of -a**4/6 + a**3/2 - 14*a**2. Calculate the remainder when f(-9) is divided by 5.
4
Let g be 12/14 - 3/(-21). Let l be (-3 + 3 - g)*9. What is the remainder when 57 is divided by (-1064)/(-72) - 2/l?
12
Suppose -71 = -9*m + 10. What is the remainder when 17 is divided by m?
8
Let n = 5 - 10. Let s(i) = 7*i - 8. Let q(k) = 6*k - 7. Let j(c) = n*s(c) + 6*q(c). Calculate the remainder when 11 is divided by j(6).
3
Let y = -17 - -17. Suppose 0*o + 2*o + 5*s - 47 = 0, y = 3*o + 2*s - 87. What is the remainder when o is divided by 17?
14
Let g be (3 - 21/5)/(12/(-40)). Suppose -4*f = -g*s + 17 - 125, 0 = -2*f - 3*s + 79. Calculate the remainder when 93 is divided by f.
29
Let t(i) = -10*i**3 + i**2 + 7*i + 12. Calculate the remainder when t(-2) is divided by 56.
26
Let b be (-456)/18*-3*1. Suppose b = 4*i + 24. Suppose -3*l = -102 - 39. Calculate the remainder when l is divided by i.
8
Let a = -18 - -38. Suppose 349 = 5*h + 5*m + 1304, -5 = m. What is the remainder when a is divided by 4/(-26) - h/26?
6
Let h(z) = 2*z - 6. Suppose 0 = 3*n - 9, 3*n + 0*n - 44 = -5*p. What is the remainder when 15 is divided by h(p)?
7
Let j = -24 - -21. Let f = j + 29. Suppose 5*q = 6*q - f. What is the remainder when q is divided by 7?
5
Suppose 28*b = 27*b + 2. Suppose -b*q + 44 - 36 = 0. Calculate the remainder when 23 is divided by q.
3
Suppose 2*f + 5*d - 53 = -2*f, 80 = 4*f - 4*d. Let s be (0/1)/2 + 19. Let k = s + f. Calculate the remainder when k is divided by 13.
10
Let p(d) = -2*d**2 + 15*d - 4. Let i be p(6). Suppose 16*z = i*z + 56. What is the remainder when 51 is divided by z?
23
What is the remainder when -13*(48*-1)/8 is divided by 44?
34
Let l be -1*3*(-13)/39. Suppose -c + 4 - l = 0. Calculate the remainder when c is divided by 1.
0
Let u(w) = w**2 - 11. Let a(o) = -o**2 - 11*o + 27. Calculate the remainder when u(11) is divided by a(-10).
36
Let h = 32 + -72. Let m = h - -54. Calculate the remainder when 41 is divided by m.
13
Let b(d) = -d**3 + 11*d**2 - 9*d. Let p be b(10). Suppose p*m - 63 = 7*m. Calculate the remainder when 83 is divided by m.
20
Suppose s - 46 = -3*w, -4*s + 69 = 5*w - 10. Let v = 0 + 1. What is the remainder when v - -2*(-43)/(-2) is divided by w?
14
Suppose -2*h = y - 36, -4*y - 6*h + 5*h = -130. What is the remainder when 150 is divided by y?
22
Let i(u) = u**3 - u**2 + u + 143. Calculate the remainder when i(0) is divided by 10.
3
Let l = -6 + 0. Let r be 4 + -1 - (l + 2). Let j = r + 12. What is the remainder when j is divided by 10?
9
Let t = 194 - 152. What is the remainder when t is divided by 30?
12
Let h be (98*1)/((-26)/(-13)). Suppose 4*w = 221 - h. What is the remainder when 84 is divided by w?
41
Suppose -10 = -15*t + 260. Let g = -50 + 117. Calculate the remainder when g is divided by t.
13
Let l(o) = o**3 - 6*o**2 - 11*o - 7. Let j be (3 - (-1 - -1)) + -5. Let h = 6 - j. Calculate the remainder when 63 is divided by l(h).
30
Suppose -2*m = 2*m - 12. Suppose -o = -2*b + 7, -4*b + 17 = m*o - 4*o. Suppose 22 = 5*s - o, 0 = -3*l + s + 97. What is the remainder when l is divided by 9?
7
Let a = 19 - 14. What is the remainder when -17*(-2 + 5/a) is divided by 6?
5
Let d(m) = -m**3 + 5*m**2 + 10*m + 13. What is the remainder when d(6) is divided by 8?
5
Let w(v) be the second derivative of v**4/6 + v**3 - 7*v**2/2 - v. Calculate the remainder when w(-5) is divided by (-8 - -7)/(((-8)/10)/4).
3
Suppose 3*t + 9 = 6*t, u + t - 47 = 0. Suppose 6*m - 3*v - 60 = 3*m, -15 = -5*v. What is the remainder when u is divided by m?
21
Let f(y) = 37*y - 26. Calculate the remainder when 203 is divided by f(3).
33
Let a = 1556 - 1547. Let k(u) = 7*u**2 + 3*u + 3. What is the remainder when k(-2) is divided by a?
7
Let q = 6 + -6. Suppose -8*v - v + 252 = q. Calculate the remainder when v is divided by 16.
12
Let w = 8 - 5. Suppose w*y - 16 = 122. Calculate the remainder when y is divided by 12.
10
Suppose -y - 115 = -177. What is the remainder when y is divided by 16?
14
Let y(h) = -h**3 + 8*h**2 - 8*h + 11. Let b be y(6). Suppose 161 = 9*v + b. Suppose d = 1 + 7. What is the remainder when v is divided by d?
6
Let v be 15/6 + (-3)/6. Suppose 56 = 4*k + v*l - 126, 4*k - 207 = 3*l. Suppose -m - k = -5*m. Calculate the remainder when 47 is divided by m.
11
Suppose 3*t - 12 - 15 = 0. Let y be (-24*(-6)/t)/(-1). Let u = y - -20. What is the remainder when 11 is divided by u?
3
Suppose -2*w = 4*q - 72, 4*w = -2*q + 120 + 36. Calculate the remainder when w is divided by 14.
12
Let l(m) = m**2 - 3*m + 4. Let k be (-2 - -5 - -4) + -4. Let p be l(k). Suppose 40 = p*u + u. Ca